{"id":516,"date":"2024-11-03T01:57:06","date_gmt":"2024-11-03T00:57:06","guid":{"rendered":"https:\/\/necplusinterim.com\/?page_id=516"},"modified":"2024-11-13T22:09:08","modified_gmt":"2024-11-13T21:09:08","slug":"agriculture-2","status":"publish","type":"page","link":"https:\/\/necplusinterim.com\/index.php\/agriculture-2\/","title":{"rendered":"Agriculture"},"content":{"rendered":"\t\t<div data-elementor-type=\"wp-page\" data-elementor-id=\"516\" class=\"elementor elementor-516\" data-elementor-post-type=\"page\">\n\t\t\t\t<div class=\"elementor-element elementor-element-477a57c e-con-full e-flex e-con e-parent\" data-id=\"477a57c\" data-element_type=\"container\" data-e-type=\"container\" data-settings=\"{&quot;shape_divider_top&quot;:&quot;opacity-fan&quot;}\">\n\t\t\t\t<div class=\"elementor-shape elementor-shape-top\" aria-hidden=\"true\" data-negative=\"false\">\n\t\t\t<svg xmlns=\"http:\/\/www.w3.org\/2000\/svg\" viewBox=\"0 0 283.5 19.6\" preserveAspectRatio=\"none\">\n\t<path class=\"elementor-shape-fill\" style=\"opacity:0.33\" d=\"M0 0L0 18.8 141.8 4.1 283.5 18.8 283.5 0z\"\/>\n\t<path class=\"elementor-shape-fill\" style=\"opacity:0.33\" d=\"M0 0L0 12.6 141.8 4 283.5 12.6 283.5 0z\"\/>\n\t<path class=\"elementor-shape-fill\" style=\"opacity:0.33\" d=\"M0 0L0 6.4 141.8 4 283.5 6.4 283.5 0z\"\/>\n\t<path class=\"elementor-shape-fill\" d=\"M0 0L0 1.2 141.8 4 283.5 1.2 283.5 0z\"\/>\n<\/svg>\t\t<\/div>\n\t\t\t\t<div class=\"elementor-element elementor-element-89058bf elementor-widget elementor-widget-text-editor\" data-id=\"89058bf\" data-element_type=\"widget\" data-e-type=\"widget\" data-widget_type=\"text-editor.default\">\n\t\t\t\t\t\t\t\t\t<h1 style=\"text-align: center;\">Recrutement dans le secteur de<\/h1><h1 style=\"text-align: center;\">\u00a0l&rsquo;agriculture en Roumanie.<\/h1><p style=\"text-align: center;\"><em>Vous cherchez \u00e0 combler un manque de main-d&rsquo;\u0153uvre agricole en recrutant des travailleurs roumains en France ?<\/em><\/p><p style=\"text-align: center;\"><em><strong>Nec Plus Interim<\/strong> met \u00e0 votre disposition du personnel agricole roumain qualifi\u00e9. Notre agence d\u2019int\u00e9rim franco-roumaine assiste les entreprises fran\u00e7aises dans le recrutement d&rsquo;int\u00e9rimaires comp\u00e9tents dans le secteur agricole. La Roumanie, avec sa population partiellement francophone et ses co\u00fbts de main-d&rsquo;\u0153uvre comp\u00e9titifs, offre une solution avantageuse pour votre entreprise. L&#8217;emploi de travailleurs agricoles roumains peut ainsi s&rsquo;av\u00e9rer tr\u00e8s b\u00e9n\u00e9fique pour votre activit\u00e9.<\/em><\/p>\t\t\t\t\t\t\t\t<\/div>\n\t\t\t\t<\/div>\n\t\t<div class=\"elementor-element elementor-element-2f929dd e-con-full e-flex e-con e-parent\" data-id=\"2f929dd\" data-element_type=\"container\" data-e-type=\"container\">\n\t\t\t\t<div class=\"elementor-element elementor-element-5f0baf4 elementor-widget elementor-widget-image\" data-id=\"5f0baf4\" data-element_type=\"widget\" data-e-type=\"widget\" data-widget_type=\"image.default\">\n\t\t\t\t\t\t\t\t\t\t\t\t\t\t\t<img fetchpriority=\"high\" decoding=\"async\" width=\"1024\" height=\"768\" src=\"https:\/\/necplusinterim.com\/wp-content\/uploads\/2024\/11\/agriculture-scaled-e1730816723200-1024x768.jpg\" class=\"attachment-large size-large wp-image-1343\" alt=\"\" srcset=\"https:\/\/necplusinterim.com\/wp-content\/uploads\/2024\/11\/agriculture-scaled-e1730816723200-1024x768.jpg 1024w, https:\/\/necplusinterim.com\/wp-content\/uploads\/2024\/11\/agriculture-scaled-e1730816723200-300x225.jpg 300w, https:\/\/necplusinterim.com\/wp-content\/uploads\/2024\/11\/agriculture-scaled-e1730816723200-768x576.jpg 768w, https:\/\/necplusinterim.com\/wp-content\/uploads\/2024\/11\/agriculture-scaled-e1730816723200-1536x1152.jpg 1536w, https:\/\/necplusinterim.com\/wp-content\/uploads\/2024\/11\/agriculture-scaled-e1730816723200-2048x1536.jpg 2048w\" sizes=\"(max-width: 1024px) 100vw, 1024px\" \/>\t\t\t\t\t\t\t\t\t\t\t\t\t\t\t<\/div>\n\t\t\t\t<\/div>\n\t\t<div class=\"elementor-element elementor-element-3cd8040 e-flex e-con-boxed e-con e-parent\" data-id=\"3cd8040\" data-element_type=\"container\" data-e-type=\"container\">\n\t\t\t\t\t<div class=\"e-con-inner\">\n\t\t\t\t<div class=\"elementor-element elementor-element-61a16ed elementor-widget elementor-widget-text-editor\" data-id=\"61a16ed\" data-element_type=\"widget\" data-e-type=\"widget\" data-widget_type=\"text-editor.default\">\n\t\t\t\t\t\t\t\t\t<h2 style=\"text-align: center;\">Quels sont les avantages de recruter des travailleurs agricoles en Roumanie ?<\/h2>\t\t\t\t\t\t\t\t<\/div>\n\t\t\t\t\t<\/div>\n\t\t\t\t<\/div>\n\t\t<div class=\"elementor-element elementor-element-68a90e0 e-flex e-con-boxed e-con e-parent\" data-id=\"68a90e0\" data-element_type=\"container\" data-e-type=\"container\" data-settings=\"{&quot;shape_divider_top&quot;:&quot;opacity-tilt&quot;}\">\n\t\t\t\t\t<div class=\"e-con-inner\">\n\t\t\t\t<div class=\"elementor-shape elementor-shape-top\" aria-hidden=\"true\" data-negative=\"false\">\n\t\t\t<svg xmlns=\"http:\/\/www.w3.org\/2000\/svg\" viewBox=\"0 0 2600 131.1\" preserveAspectRatio=\"none\">\n\t<path class=\"elementor-shape-fill\" d=\"M0 0L2600 0 2600 69.1 0 0z\"\/>\n\t<path class=\"elementor-shape-fill\" style=\"opacity:0.5\" d=\"M0 0L2600 0 2600 69.1 0 69.1z\"\/>\n\t<path class=\"elementor-shape-fill\" style=\"opacity:0.25\" d=\"M2600 0L0 0 0 130.1 2600 69.1z\"\/>\n<\/svg>\t\t<\/div>\n\t\t<div class=\"elementor-element elementor-element-82b3446 e-con-full e-flex e-con e-child\" data-id=\"82b3446\" data-element_type=\"container\" data-e-type=\"container\">\n\t\t\t\t<div class=\"elementor-element elementor-element-fa0f8b1 elementor-widget elementor-widget-text-editor\" data-id=\"fa0f8b1\" data-element_type=\"widget\" data-e-type=\"widget\" data-widget_type=\"text-editor.default\">\n\t\t\t\t\t\t\t\t\t<h3>1. <strong>Co\u00fbt de la main-d&rsquo;\u0153uvre comp\u00e9titif<\/strong><\/h3><p>Les salaires en Roumanie sont g\u00e9n\u00e9ralement plus bas que dans de nombreux pays d&rsquo;Europe de l&rsquo;Ouest, ce qui permet aux entreprises de r\u00e9duire leurs co\u00fbts de main-d&rsquo;\u0153uvre tout en maintenant des niveaux \u00e9lev\u00e9s de productivit\u00e9.<\/p><h3>2. <strong>Qualification et comp\u00e9tence<\/strong><\/h3><p>Les travailleurs agricoles roumains sont souvent bien form\u00e9s et qualifi\u00e9s, ayant acquis des comp\u00e9tences sp\u00e9cifiques dans le domaine de l&rsquo;agriculture gr\u00e2ce \u00e0 des programmes de formation professionnelle et \u00e0 l&rsquo;exp\u00e9rience pratique.<\/p><h3>3. <strong>Disponibilit\u00e9 de la main-d&rsquo;\u0153uvre<\/strong><\/h3><p>La Roumanie dispose d&rsquo;une large r\u00e9serve de travailleurs disponibles pour des emplois saisonniers ou \u00e0 long terme dans le secteur agricole, ce qui facilite la planification des ressources humaines pour les entreprises.<\/p><h3>4. <strong>Adaptabilit\u00e9 et motivation<\/strong><\/h3><p>Les travailleurs roumains sont connus pour leur adaptabilit\u00e9 et leur motivation, ce qui en fait des employ\u00e9s fiables et productifs capables de s&rsquo;int\u00e9grer rapidement dans diff\u00e9rents environnements de travail.<\/p>\t\t\t\t\t\t\t\t<\/div>\n\t\t\t\t<\/div>\n\t\t<div class=\"elementor-element elementor-element-f35fce3 e-con-full e-flex e-con e-child\" data-id=\"f35fce3\" data-element_type=\"container\" data-e-type=\"container\">\n\t\t\t\t<div class=\"elementor-element elementor-element-d026f3f elementor-widget elementor-widget-text-editor\" data-id=\"d026f3f\" data-element_type=\"widget\" data-e-type=\"widget\" data-widget_type=\"text-editor.default\">\n\t\t\t\t\t\t\t\t\t<h3>5. <strong>Partenariats internationaux<\/strong><\/h3><p>En recrutant en Roumanie, les entreprises peuvent b\u00e9n\u00e9ficier de partenariats avec des agences de recrutement sp\u00e9cialis\u00e9es dans l&rsquo;agriculture, ce qui simplifie le processus de s\u00e9lection et d&#8217;embauche.<\/p><h3>6. <strong>Multilinguisme<\/strong><\/h3><p>De nombreux travailleurs roumains ont des comp\u00e9tences linguistiques, y compris en fran\u00e7ais, ce qui peut faciliter la communication et l&rsquo;int\u00e9gration sur le lieu de travail.<\/p><h3>7. <strong>\u00c9largissement des perspectives de recrutement<\/strong><\/h3><p>En \u00e9tendant leurs recherches \u00e0 la Roumanie, les entreprises peuvent acc\u00e9der \u00e0 un plus large \u00e9ventail de talents et trouver des candidats qui r\u00e9pondent parfaitement \u00e0 leurs besoins sp\u00e9cifiques.<\/p><h3>8. <strong>Flexibilit\u00e9 contractuelle<\/strong><\/h3><p>Le cadre juridique en Europe permet le d\u00e9tachement de travailleurs roumains, offrant une flexibilit\u00e9 accrue aux entreprises qui ont besoin de main-d&rsquo;\u0153uvre temporaire ou saisonni\u00e8re sans les contraintes des contrats locaux.<\/p>\t\t\t\t\t\t\t\t<\/div>\n\t\t\t\t<\/div>\n\t\t\t\t\t<\/div>\n\t\t\t\t<\/div>\n\t\t<div class=\"elementor-element elementor-element-98dfac7 e-flex e-con-boxed e-con e-parent\" data-id=\"98dfac7\" data-element_type=\"container\" data-e-type=\"container\">\n\t\t\t\t\t<div class=\"e-con-inner\">\n\t\t\t\t<div class=\"elementor-element elementor-element-01a6966 elementor-widget-divider--view-line elementor-widget elementor-widget-divider\" data-id=\"01a6966\" data-element_type=\"widget\" data-e-type=\"widget\" data-widget_type=\"divider.default\">\n\t\t\t\t\t\t\t<div class=\"elementor-divider\">\n\t\t\t<span class=\"elementor-divider-separator\">\n\t\t\t\t\t\t<\/span>\n\t\t<\/div>\n\t\t\t\t\t\t<\/div>\n\t\t\t\t\t<\/div>\n\t\t\t\t<\/div>\n\t\t<div class=\"elementor-element elementor-element-fd7a6db e-flex e-con-boxed e-con e-parent\" data-id=\"fd7a6db\" data-element_type=\"container\" data-e-type=\"container\">\n\t\t\t\t\t<div class=\"e-con-inner\">\n\t\t<div class=\"elementor-element elementor-element-92ac041 e-con-full e-flex e-con e-child\" data-id=\"92ac041\" data-element_type=\"container\" data-e-type=\"container\">\n\t\t\t\t<div class=\"elementor-element elementor-element-5ee4c44 elementor-widget elementor-widget-image\" data-id=\"5ee4c44\" data-element_type=\"widget\" data-e-type=\"widget\" data-widget_type=\"image.default\">\n\t\t\t\t\t\t\t\t\t\t\t\t\t\t\t<img decoding=\"async\" width=\"626\" height=\"358\" src=\"https:\/\/necplusinterim.com\/wp-content\/uploads\/2024\/11\/ouvrier-agricole-recoltant-du-ble-au-coucher-du-soleil-dore-genere-par-intelligence-artificielle_25030-67050.avif\" class=\"attachment-large size-large wp-image-1971\" alt=\"\" srcset=\"https:\/\/necplusinterim.com\/wp-content\/uploads\/2024\/11\/ouvrier-agricole-recoltant-du-ble-au-coucher-du-soleil-dore-genere-par-intelligence-artificielle_25030-67050.avif 626w, https:\/\/necplusinterim.com\/wp-content\/uploads\/2024\/11\/ouvrier-agricole-recoltant-du-ble-au-coucher-du-soleil-dore-genere-par-intelligence-artificielle_25030-67050-300x172.avif 300w\" sizes=\"(max-width: 626px) 100vw, 626px\" \/>\t\t\t\t\t\t\t\t\t\t\t\t\t\t\t<\/div>\n\t\t\t\t<div class=\"elementor-element elementor-element-7632e0d elementor-widget elementor-widget-image\" data-id=\"7632e0d\" data-element_type=\"widget\" data-e-type=\"widget\" data-widget_type=\"image.default\">\n\t\t\t\t\t\t\t\t\t\t\t\t\t\t\t<img decoding=\"async\" width=\"626\" height=\"417\" src=\"https:\/\/necplusinterim.com\/wp-content\/uploads\/2024\/11\/moissonneuse-batteuse-terrain_661209-565.avif\" class=\"attachment-large size-large wp-image-1972\" alt=\"\" srcset=\"https:\/\/necplusinterim.com\/wp-content\/uploads\/2024\/11\/moissonneuse-batteuse-terrain_661209-565.avif 626w, https:\/\/necplusinterim.com\/wp-content\/uploads\/2024\/11\/moissonneuse-batteuse-terrain_661209-565-300x200.avif 300w\" sizes=\"(max-width: 626px) 100vw, 626px\" \/>\t\t\t\t\t\t\t\t\t\t\t\t\t\t\t<\/div>\n\t\t\t\t<\/div>\n\t\t<div class=\"elementor-element elementor-element-ab601d8 e-con-full e-flex e-con e-child\" data-id=\"ab601d8\" data-element_type=\"container\" data-e-type=\"container\">\n\t\t\t\t<div class=\"elementor-element elementor-element-d405881 elementor-widget elementor-widget-text-editor\" data-id=\"d405881\" data-element_type=\"widget\" data-e-type=\"widget\" data-widget_type=\"text-editor.default\">\n\t\t\t\t\t\t\t\t\t<h3 style=\"text-align: left;\">Des proc\u00e9dures administratives transparentes et conformes \u00e0 la loi<\/h3><p>Le recrutement de travailleurs temporaires roumains en France peut \u00eatre un processus long et compliqu\u00e9. Nec Plus Interim simplifie cette d\u00e9marche pour vous ! Nous s\u00e9lectionnons les candidatures correspondant le mieux \u00e0 vos besoins, vous permettant de choisir le profil id\u00e9al pour votre exploitation agricole.<\/p><p>Nec Plus Interim prend en charge l&rsquo;ensemble du processus, des formalit\u00e9s administratives \u00e0 l&rsquo;int\u00e9gration des travailleurs dans les exploitations agricoles fran\u00e7aises. Il est important de noter que le recrutement de travailleurs roumains est enti\u00e8rement encadr\u00e9 par la l\u00e9gislation europ\u00e9enne. Selon la directive europ\u00e9enne 96\/71-CE, tout employeur fran\u00e7ais peut embaucher des travailleurs roumains.<\/p><p>Un des d\u00e9fis potentiels est la barri\u00e8re linguistique. Cependant, chez Nec Plus Interim, nous faisons tout notre possible pour que les travailleurs que nous recrutons aient une connaissance suffisante du fran\u00e7ais, ou d&rsquo;autres langues telles que l&rsquo;anglais, l&rsquo;espagnol ou l&rsquo;italien. Nous ne s\u00e9lectionnons que des travailleurs roumains qualifi\u00e9s pour le secteur agricole, et form\u00e9s pour travailler en France, en utilisant la langue fran\u00e7aise.<\/p>\t\t\t\t\t\t\t\t<\/div>\n\t\t\t\t<div class=\"elementor-element elementor-element-0f69462 elementor-widget elementor-widget-button\" data-id=\"0f69462\" data-element_type=\"widget\" data-e-type=\"widget\" data-widget_type=\"button.default\">\n\t\t\t\t\t\t\t\t\t\t<a class=\"elementor-button elementor-button-link elementor-size-sm\" href=\"https:\/\/necplusinterim.com\/index.php\/contact\/\">\n\t\t\t\t\t\t<span class=\"elementor-button-content-wrapper\">\n\t\t\t\t\t\t\t\t\t<span class=\"elementor-button-text\">Communiquer avec un recruteur<\/span>\n\t\t\t\t\t<\/span>\n\t\t\t\t\t<\/a>\n\t\t\t\t\t\t\t\t<\/div>\n\t\t\t\t<\/div>\n\t\t\t\t\t<\/div>\n\t\t\t\t<\/div>\n\t\t<div class=\"elementor-element elementor-element-940c321 e-flex e-con-boxed e-con e-parent\" data-id=\"940c321\" data-element_type=\"container\" data-e-type=\"container\">\n\t\t\t\t\t<div class=\"e-con-inner\">\n\t\t<div class=\"elementor-element elementor-element-0af08a6 e-con-full e-flex e-con e-child\" data-id=\"0af08a6\" data-element_type=\"container\" data-e-type=\"container\">\n\t\t\t\t<div class=\"elementor-element elementor-element-a391b30 elementor-widget elementor-widget-text-editor\" data-id=\"a391b30\" data-element_type=\"widget\" data-e-type=\"widget\" data-widget_type=\"text-editor.default\">\n\t\t\t\t\t\t\t\t\t<h3 style=\"text-align: center;\">Des travailleurs int\u00e9rimaires roumains, sp\u00e9cialis\u00e9s et form\u00e9s, pr\u00eats \u00e0 exercer dans le secteur agricole en France.<\/h3><p>Nous avons une solide exp\u00e9rience dans la s\u00e9lection de travailleurs temporaires roumains form\u00e9s dans l\u2019industrie agricole. Notre principal crit\u00e8re de recrutement est qu\u2019ils ma\u00eetrisent le fran\u00e7ais afin de pouvoir travailler dans des entreprises agricoles ou fermes fran\u00e7aises. Les employ\u00e9s roumains recrut\u00e9s temporairement sont choisis selon des crit\u00e8res tr\u00e8s pr\u00e9cis pour \u00e9valuer leur aptitude \u00e0 travailler dans l\u2019industrie agricole fran\u00e7aise.<\/p><p>Voici les types de postes que nous proposons dans le secteur agricole : ouvriers agricoles, vendangeurs, chefs de culture l\u00e9gumi\u00e8re, conducteurs de machines agricoles, horticulteurs, mara\u00eechers, m\u00e9caniciens en mat\u00e9riel agricole, ouvriers forestiers, techniciens forestiers, ouvriers viticoles, agriculteurs, etc.<\/p>\t\t\t\t\t\t\t\t<\/div>\n\t\t\t\t<\/div>\n\t\t<div class=\"elementor-element elementor-element-2d8cd96 e-con-full e-flex e-con e-child\" data-id=\"2d8cd96\" data-element_type=\"container\" data-e-type=\"container\">\n\t\t\t\t<div class=\"elementor-element elementor-element-b58276b elementor-widget elementor-widget-image\" data-id=\"b58276b\" data-element_type=\"widget\" data-e-type=\"widget\" data-widget_type=\"image.default\">\n\t\t\t\t\t\t\t\t\t\t\t\t\t\t\t<img loading=\"lazy\" decoding=\"async\" width=\"626\" height=\"417\" src=\"https:\/\/necplusinterim.com\/wp-content\/uploads\/2024\/11\/femme-recolte-legumes-champ_23-2147907206.avif\" class=\"attachment-large size-large wp-image-1997\" alt=\"\" srcset=\"https:\/\/necplusinterim.com\/wp-content\/uploads\/2024\/11\/femme-recolte-legumes-champ_23-2147907206.avif 626w, https:\/\/necplusinterim.com\/wp-content\/uploads\/2024\/11\/femme-recolte-legumes-champ_23-2147907206-300x200.avif 300w\" sizes=\"(max-width: 626px) 100vw, 626px\" \/>\t\t\t\t\t\t\t\t\t\t\t\t\t\t\t<\/div>\n\t\t\t\t<\/div>\n\t\t\t\t\t<\/div>\n\t\t\t\t<\/div>\n\t\t<div class=\"elementor-element elementor-element-bc68ac5 e-flex e-con-boxed e-con e-parent\" data-id=\"bc68ac5\" data-element_type=\"container\" data-e-type=\"container\">\n\t\t\t\t\t<div class=\"e-con-inner\">\n\t\t<div class=\"elementor-element elementor-element-f04fb92 e-con-full e-flex e-con e-child\" data-id=\"f04fb92\" data-element_type=\"container\" data-e-type=\"container\">\n\t\t\t\t<div class=\"elementor-element elementor-element-cb4653b elementor-widget elementor-widget-image\" data-id=\"cb4653b\" data-element_type=\"widget\" data-e-type=\"widget\" data-widget_type=\"image.default\">\n\t\t\t\t\t\t\t\t\t\t\t\t\t\t\t<img loading=\"lazy\" decoding=\"async\" width=\"1024\" height=\"689\" src=\"https:\/\/necplusinterim.com\/wp-content\/uploads\/2024\/11\/azeazeazeaze-1024x689.png\" class=\"attachment-large size-large wp-image-2005\" alt=\"\" srcset=\"https:\/\/necplusinterim.com\/wp-content\/uploads\/2024\/11\/azeazeazeaze-1024x689.png 1024w, https:\/\/necplusinterim.com\/wp-content\/uploads\/2024\/11\/azeazeazeaze-300x202.png 300w, https:\/\/necplusinterim.com\/wp-content\/uploads\/2024\/11\/azeazeazeaze-768x517.png 768w, https:\/\/necplusinterim.com\/wp-content\/uploads\/2024\/11\/azeazeazeaze.png 1054w\" sizes=\"(max-width: 1024px) 100vw, 1024px\" \/>\t\t\t\t\t\t\t\t\t\t\t\t\t\t\t<\/div>\n\t\t\t\t<\/div>\n\t\t<div class=\"elementor-element elementor-element-7d21d26 e-con-full e-flex e-con e-child\" data-id=\"7d21d26\" data-element_type=\"container\" data-e-type=\"container\">\n\t\t\t\t<div class=\"elementor-element elementor-element-0d42950 elementor-widget elementor-widget-text-editor\" data-id=\"0d42950\" data-element_type=\"widget\" data-e-type=\"widget\" data-widget_type=\"text-editor.default\">\n\t\t\t\t\t\t\t\t\t<h3 style=\"text-align: center;\">Recrutement optimis\u00e9 gr\u00e2ce \u00e0 des proc\u00e9dures simplifi\u00e9es.<\/h3><p>Actuellement, les principaux besoins dans le secteur agricole concernent les ouvriers agricoles et forestiers, les m\u00e9caniciens et conducteurs de machines agricoles, ainsi que les ouvriers viticoles. Nec Plus Interim propose du personnel agricole temporaire, motiv\u00e9 et travailleur.<\/p><p>Faites-nous part de vos besoins en recrutement et nous adapterons les profils s\u00e9lectionn\u00e9s pour vous proposer une \u00e9quipe agricole qualifi\u00e9e, r\u00e9pondant \u00e0 vos exigences en mati\u00e8re de service. Tous les futurs collaborateurs seront qualifi\u00e9s et form\u00e9s selon les normes fran\u00e7aises du travail en vigueur dans le domaine agricole.<\/p>\t\t\t\t\t\t\t\t<\/div>\n\t\t\t\t<\/div>\n\t\t\t\t\t<\/div>\n\t\t\t\t<\/div>\n\t\t<div class=\"elementor-element elementor-element-ce40924 e-flex e-con-boxed e-con e-parent\" data-id=\"ce40924\" data-element_type=\"container\" data-e-type=\"container\">\n\t\t\t\t\t<div class=\"e-con-inner\">\n\t\t\t\t\t<\/div>\n\t\t\t\t<\/div>\n\t\t\t\t<\/div>\n\t\t","protected":false},"excerpt":{"rendered":"<p>Recrutement dans le secteur de \u00a0l&rsquo;agriculture en Roumanie. Vous cherchez \u00e0 combler un manque de main-d&rsquo;\u0153uvre agricole en recrutant des travailleurs roumains en France ? Nec Plus Interim met \u00e0 votre disposition du personnel agricole roumain qualifi\u00e9. Notre agence d\u2019int\u00e9rim franco-roumaine assiste les entreprises fran\u00e7aises dans le recrutement d&rsquo;int\u00e9rimaires comp\u00e9tents dans le secteur agricole. La [&hellip;]<\/p>\n","protected":false},"author":1,"featured_media":0,"parent":0,"menu_order":0,"comment_status":"closed","ping_status":"closed","template":"","meta":{"site-sidebar-layout":"no-sidebar","site-content-layout":"page-builder","ast-site-content-layout":"full-width-container","site-content-style":"default","site-sidebar-style":"default","ast-global-header-display":"","ast-banner-title-visibility":"","ast-main-header-display":"","ast-hfb-above-header-display":"","ast-hfb-below-header-display":"","ast-hfb-mobile-header-display":"","site-post-title":"disabled","ast-breadcrumbs-content":"","ast-featured-img":"disabled","footer-sml-layout":"","ast-disable-related-posts":"","theme-transparent-header-meta":"","adv-header-id-meta":"","stick-header-meta":"","header-above-stick-meta":"","header-main-stick-meta":"","header-below-stick-meta":"","astra-migrate-meta-layouts":"default","ast-page-background-enabled":"default","ast-page-background-meta":{"desktop":{"background-color":"var(--ast-global-color-4)","background-image":"","background-repeat":"repeat","background-position":"center center","background-size":"auto","background-attachment":"scroll","background-type":"","background-media":"","overlay-type":"","overlay-color":"","overlay-opacity":"","overlay-gradient":""},"tablet":{"background-color":"","background-image":"","background-repeat":"repeat","background-position":"center center","background-size":"auto","background-attachment":"scroll","background-type":"","background-media":"","overlay-type":"","overlay-color":"","overlay-opacity":"","overlay-gradient":""},"mobile":{"background-color":"","background-image":"","background-repeat":"repeat","background-position":"center center","background-size":"auto","background-attachment":"scroll","background-type":"","background-media":"","overlay-type":"","overlay-color":"","overlay-opacity":"","overlay-gradient":""}},"ast-content-background-meta":{"desktop":{"background-color":"var(--ast-global-color-5)","background-image":"","background-repeat":"repeat","background-position":"center center","background-size":"auto","background-attachment":"scroll","background-type":"","background-media":"","overlay-type":"","overlay-color":"","overlay-opacity":"","overlay-gradient":""},"tablet":{"background-color":"var(--ast-global-color-5)","background-image":"","background-repeat":"repeat","background-position":"center center","background-size":"auto","background-attachment":"scroll","background-type":"","background-media":"","overlay-type":"","overlay-color":"","overlay-opacity":"","overlay-gradient":""},"mobile":{"background-color":"var(--ast-global-color-5)","background-image":"","background-repeat":"repeat","background-position":"center center","background-size":"auto","background-attachment":"scroll","background-type":"","background-media":"","overlay-type":"","overlay-color":"","overlay-opacity":"","overlay-gradient":""}},"footnotes":""},"class_list":["post-516","page","type-page","status-publish","hentry"],"_links":{"self":[{"href":"https:\/\/necplusinterim.com\/index.php\/wp-json\/wp\/v2\/pages\/516","targetHints":{"allow":["GET"]}}],"collection":[{"href":"https:\/\/necplusinterim.com\/index.php\/wp-json\/wp\/v2\/pages"}],"about":[{"href":"https:\/\/necplusinterim.com\/index.php\/wp-json\/wp\/v2\/types\/page"}],"author":[{"embeddable":true,"href":"https:\/\/necplusinterim.com\/index.php\/wp-json\/wp\/v2\/users\/1"}],"replies":[{"embeddable":true,"href":"https:\/\/necplusinterim.com\/index.php\/wp-json\/wp\/v2\/comments?post=516"}],"version-history":[{"count":49,"href":"https:\/\/necplusinterim.com\/index.php\/wp-json\/wp\/v2\/pages\/516\/revisions"}],"predecessor-version":[{"id":2143,"href":"https:\/\/necplusinterim.com\/index.php\/wp-json\/wp\/v2\/pages\/516\/revisions\/2143"}],"wp:attachment":[{"href":"https:\/\/necplusinterim.com\/index.php\/wp-json\/wp\/v2\/media?parent=516"}],"curies":[{"name":"wp","href":"https:\/\/api.w.org\/{rel}","templated":true}]}}